{"id":239,"date":"2025-10-28T10:11:00","date_gmt":"2025-10-28T08:11:00","guid":{"rendered":"https:\/\/www.residence-le-fief-du-cormier.lesindebat.fr\/?page_id=239"},"modified":"2025-10-31T11:26:12","modified_gmt":"2025-10-31T09:26:12","slug":"emplacement","status":"publish","type":"page","link":"https:\/\/www.residence-le-fief-du-cormier.lesindebat.fr\/index.php\/emplacement\/","title":{"rendered":"Emplacement"},"content":{"rendered":"\t\t<div data-elementor-type=\"wp-page\" data-elementor-id=\"239\" class=\"elementor elementor-239\">\n\t\t\t\t<div class=\"elementor-element elementor-element-ba860c8 e-con-full e-flex e-con e-parent\" data-id=\"ba860c8\" data-element_type=\"container\" data-settings=\"{&quot;background_background&quot;:&quot;classic&quot;}\">\n\t\t<div class=\"elementor-element elementor-element-3acabf46 e-con-full e-flex e-con e-child\" data-id=\"3acabf46\" data-element_type=\"container\">\n\t\t\t\t<div class=\"elementor-element elementor-element-73d2ac33 elementor-widget elementor-widget-spacer\" data-id=\"73d2ac33\" data-element_type=\"widget\" data-widget_type=\"spacer.default\">\n\t\t\t\t<div class=\"elementor-widget-container\">\n\t\t\t\t\t\t\t<div class=\"elementor-spacer\">\n\t\t\t<div class=\"elementor-spacer-inner\"><\/div>\n\t\t<\/div>\n\t\t\t\t\t\t<\/div>\n\t\t\t\t<\/div>\n\t\t\t\t<\/div>\n\t\t<div class=\"elementor-element elementor-element-170cde3f e-con-full e-flex e-con e-child\" data-id=\"170cde3f\" data-element_type=\"container\">\n\t\t\t\t<div class=\"elementor-element elementor-element-71bf1e42 elementor-widget elementor-widget-spacer\" data-id=\"71bf1e42\" data-element_type=\"widget\" data-widget_type=\"spacer.default\">\n\t\t\t\t<div class=\"elementor-widget-container\">\n\t\t\t\t\t\t\t<div class=\"elementor-spacer\">\n\t\t\t<div class=\"elementor-spacer-inner\"><\/div>\n\t\t<\/div>\n\t\t\t\t\t\t<\/div>\n\t\t\t\t<\/div>\n\t\t\t\t<div class=\"elementor-element elementor-element-6b2b0c9 premium-header-block premium-lq__none premium-box-lq__none elementor-invisible elementor-widget elementor-widget-premium-addon-dual-header\" data-id=\"6b2b0c9\" data-element_type=\"widget\" data-settings=\"{&quot;_animation&quot;:&quot;fadeInRight&quot;,&quot;_animation_mobile&quot;:&quot;fadeInDown&quot;}\" data-widget_type=\"premium-addon-dual-header.default\">\n\t\t\t\t<div class=\"elementor-widget-container\">\n\t\t\t\t\t\n\t\t\t\t\t<h1 class=\"premium-dual-header-first-header \"><span class=\"premium-dual-header-first-span\">R\u00e9sidence Le fief du cormier au Boup\u00e8re <\/span><span class=\"premium-dual-header-second-header \">Un emplacement privil\u00e9gi\u00e9 au coeur du bocage vend\u00e9en<\/span><\/h1> \t\t\n\t\t\t\t\t\t<\/div>\n\t\t\t\t<\/div>\n\t\t\t\t<\/div>\n\t\t\t\t<\/div>\n\t\t<div class=\"elementor-element elementor-element-a63f81b e-flex e-con-boxed e-con e-parent\" data-id=\"a63f81b\" data-element_type=\"container\">\n\t\t\t\t\t<div class=\"e-con-inner\">\n\t\t\t\t<div class=\"elementor-element elementor-element-a47e68a elementor-widget elementor-widget-spacer\" data-id=\"a47e68a\" data-element_type=\"widget\" data-widget_type=\"spacer.default\">\n\t\t\t\t<div class=\"elementor-widget-container\">\n\t\t\t\t\t\t\t<div class=\"elementor-spacer\">\n\t\t\t<div class=\"elementor-spacer-inner\"><\/div>\n\t\t<\/div>\n\t\t\t\t\t\t<\/div>\n\t\t\t\t<\/div>\n\t\t\t\t\t<\/div>\n\t\t\t\t<\/div>\n\t\t<div class=\"elementor-element elementor-element-a937e4f e-flex e-con-boxed e-con e-parent\" data-id=\"a937e4f\" data-element_type=\"container\" data-settings=\"{&quot;background_background&quot;:&quot;classic&quot;}\">\n\t\t\t\t\t<div class=\"e-con-inner\">\n\t\t<div class=\"elementor-element elementor-element-cb5ff9f e-con-full e-flex e-con e-child\" data-id=\"cb5ff9f\" data-element_type=\"container\">\n\t\t\t\t<div class=\"elementor-element elementor-element-1184833 premium-header-block premium-lq__none premium-box-lq__none elementor-invisible elementor-widget elementor-widget-premium-addon-dual-header\" data-id=\"1184833\" data-element_type=\"widget\" data-settings=\"{&quot;_animation&quot;:&quot;fadeInDown&quot;}\" data-widget_type=\"premium-addon-dual-header.default\">\n\t\t\t\t<div class=\"elementor-widget-container\">\n\t\t\t\t\t\n\t\t\t\t\t<h2 class=\"premium-dual-header-first-header \"><span class=\"premium-dual-header-first-span\">Un programme immobilier neuf en Vend\u00e9e sign\u00e9 Les Ind\u00e9bat <\/span><\/h2> \t\t\n\t\t\t\t\t\t<\/div>\n\t\t\t\t<\/div>\n\t\t\t\t<div class=\"elementor-element elementor-element-0294f65 elementor-widget elementor-widget-text-editor\" data-id=\"0294f65\" data-element_type=\"widget\" data-widget_type=\"text-editor.default\">\n\t\t\t\t<div class=\"elementor-widget-container\">\n\t\t\t\t\t\t\t\t\t<p data-start=\"575\" data-end=\"1028\">Situ\u00e9e au <strong data-start=\"585\" data-end=\"596\">Boup\u00e8re<\/strong>, \u00e0 quelques minutes de <strong data-start=\"620\" data-end=\"633\">Pouzauges<\/strong> et <strong data-start=\"637\" data-end=\"653\">Les Herbiers<\/strong>, la r\u00e9sidence <strong data-start=\"668\" data-end=\"690\">Le Fief du Cormier<\/strong> b\u00e9n\u00e9ficie d\u2019un <strong data-start=\"706\" data-end=\"732\">emplacement privil\u00e9gi\u00e9<\/strong> au c\u0153ur du bocage vend\u00e9en.<br data-start=\"759\" data-end=\"762\">Ce <strong data-start=\"765\" data-end=\"804\">programme immobilier neuf en Vend\u00e9e<\/strong>, con\u00e7u et r\u00e9alis\u00e9 <strong data-start=\"823\" data-end=\"869\">exclusivement avec des entreprises locales<\/strong>, incarne la philosophie des <strong data-start=\"898\" data-end=\"909\">Ind\u00e9bat<\/strong> : valoriser le savoir-faire vend\u00e9en et proposer des logements durables, confortables et ancr\u00e9s dans leur territoire.<\/p><p data-start=\"575\" data-end=\"1028\"><span style=\"font-size: 1rem;\">Que vous souhaitiez <\/span><strong data-start=\"1050\" data-end=\"1069\" style=\"font-size: 1rem;\">vivre en Vend\u00e9e<\/strong><span style=\"font-size: 1rem;\"> ou <\/span><strong data-start=\"1073\" data-end=\"1108\" style=\"font-size: 1rem;\">investir dans l\u2019immobilier neuf<\/strong><span style=\"font-size: 1rem;\">, Le Fief du Cormier r\u00e9unit tous les atouts d\u2019un emplacement id\u00e9al : <\/span><strong data-start=\"1177\" data-end=\"1232\" style=\"font-size: 1rem;\">calme, proximit\u00e9, dynamisme local et qualit\u00e9 de vie<\/strong><span style=\"font-size: 1rem;\">.<\/span><\/p>\t\t\t\t\t\t\t\t<\/div>\n\t\t\t\t<\/div>\n\t\t\t\t<\/div>\n\t\t<div class=\"elementor-element elementor-element-a185b98 e-con-full e-flex e-con e-child\" data-id=\"a185b98\" data-element_type=\"container\">\n\t\t\t\t<div class=\"elementor-element elementor-element-29eff1c elementor-widget elementor-widget-image\" data-id=\"29eff1c\" data-element_type=\"widget\" data-widget_type=\"image.default\">\n\t\t\t\t<div class=\"elementor-widget-container\">\n\t\t\t\t\t\t\t\t\t\t\t\t\t\t\t<img fetchpriority=\"high\" decoding=\"async\" width=\"800\" height=\"800\" src=\"https:\/\/www.residence-le-fief-du-cormier.lesindebat.fr\/wp-content\/uploads\/2025\/10\/4e8a50dc-7b41-4100-bf55-ebd56eb7a877-1024x1024.png\" class=\"attachment-large size-large wp-image-255\" alt=\"\" srcset=\"https:\/\/www.residence-le-fief-du-cormier.lesindebat.fr\/wp-content\/uploads\/2025\/10\/4e8a50dc-7b41-4100-bf55-ebd56eb7a877-1024x1024.png 1024w, https:\/\/www.residence-le-fief-du-cormier.lesindebat.fr\/wp-content\/uploads\/2025\/10\/4e8a50dc-7b41-4100-bf55-ebd56eb7a877-300x300.png 300w, https:\/\/www.residence-le-fief-du-cormier.lesindebat.fr\/wp-content\/uploads\/2025\/10\/4e8a50dc-7b41-4100-bf55-ebd56eb7a877-150x150.png 150w, https:\/\/www.residence-le-fief-du-cormier.lesindebat.fr\/wp-content\/uploads\/2025\/10\/4e8a50dc-7b41-4100-bf55-ebd56eb7a877-768x768.png 768w, https:\/\/www.residence-le-fief-du-cormier.lesindebat.fr\/wp-content\/uploads\/2025\/10\/4e8a50dc-7b41-4100-bf55-ebd56eb7a877-1536x1536.png 1536w, https:\/\/www.residence-le-fief-du-cormier.lesindebat.fr\/wp-content\/uploads\/2025\/10\/4e8a50dc-7b41-4100-bf55-ebd56eb7a877-2048x2048.png 2048w\" sizes=\"(max-width: 800px) 100vw, 800px\" \/>\t\t\t\t\t\t\t\t\t\t\t\t\t\t\t<\/div>\n\t\t\t\t<\/div>\n\t\t\t\t<\/div>\n\t\t\t\t\t<\/div>\n\t\t\t\t<\/div>\n\t\t<div class=\"elementor-element elementor-element-bda86a7 e-flex e-con-boxed e-con e-parent\" data-id=\"bda86a7\" data-element_type=\"container\">\n\t\t\t\t\t<div class=\"e-con-inner\">\n\t\t\t\t<div class=\"elementor-element elementor-element-429d41b elementor-widget elementor-widget-spacer\" data-id=\"429d41b\" data-element_type=\"widget\" data-widget_type=\"spacer.default\">\n\t\t\t\t<div class=\"elementor-widget-container\">\n\t\t\t\t\t\t\t<div class=\"elementor-spacer\">\n\t\t\t<div class=\"elementor-spacer-inner\"><\/div>\n\t\t<\/div>\n\t\t\t\t\t\t<\/div>\n\t\t\t\t<\/div>\n\t\t\t\t\t<\/div>\n\t\t\t\t<\/div>\n\t\t<div class=\"elementor-element elementor-element-a1cfe96 e-flex e-con-boxed e-con e-parent\" data-id=\"a1cfe96\" data-element_type=\"container\">\n\t\t\t\t\t<div class=\"e-con-inner\">\n\t\t\t\t<div class=\"elementor-element elementor-element-8f2af01 premium-header-block premium-lq__none premium-box-lq__none elementor-invisible elementor-widget elementor-widget-premium-addon-dual-header\" data-id=\"8f2af01\" data-element_type=\"widget\" data-settings=\"{&quot;_animation&quot;:&quot;fadeInDown&quot;}\" data-widget_type=\"premium-addon-dual-header.default\">\n\t\t\t\t<div class=\"elementor-widget-container\">\n\t\t\t\t\t\n\t\t\t\t\t<h2 class=\"premium-dual-header-first-header \"><span class=\"premium-dual-header-first-span\">Vivre ou investir au Boup\u00e8re <\/span><span class=\"premium-dual-header-second-header \">Un cadre authentique et connect\u00e9<\/span><\/h2> \t\t\n\t\t\t\t\t\t<\/div>\n\t\t\t\t<\/div>\n\t\t\t\t\t<\/div>\n\t\t\t\t<\/div>\n\t\t<div class=\"elementor-element elementor-element-c6a0f44 e-flex e-con-boxed e-con e-parent\" data-id=\"c6a0f44\" data-element_type=\"container\" data-settings=\"{&quot;background_background&quot;:&quot;classic&quot;}\">\n\t\t\t\t\t<div class=\"e-con-inner\">\n\t\t<div class=\"elementor-element elementor-element-bb528b0 e-con-full e-flex e-con e-child\" data-id=\"bb528b0\" data-element_type=\"container\">\n\t\t\t\t<div class=\"elementor-element elementor-element-76857aa elementor-widget__width-initial elementor-absolute elementor-widget elementor-widget-image\" data-id=\"76857aa\" data-element_type=\"widget\" data-settings=\"{&quot;_position&quot;:&quot;absolute&quot;}\" data-widget_type=\"image.default\">\n\t\t\t\t<div class=\"elementor-widget-container\">\n\t\t\t\t\t\t\t\t\t\t\t\t\t\t\t<img decoding=\"async\" width=\"800\" height=\"450\" data-src=\"https:\/\/www.residence-le-fief-du-cormier.lesindebat.fr\/wp-content\/uploads\/2025\/10\/bocage-3-1920x1080-f50_50-1024x576.jpg\" class=\"attachment-large size-large wp-image-252 lazyload\" alt=\"\" data-srcset=\"https:\/\/www.residence-le-fief-du-cormier.lesindebat.fr\/wp-content\/uploads\/2025\/10\/bocage-3-1920x1080-f50_50-1024x576.jpg 1024w, https:\/\/www.residence-le-fief-du-cormier.lesindebat.fr\/wp-content\/uploads\/2025\/10\/bocage-3-1920x1080-f50_50-300x169.jpg 300w, https:\/\/www.residence-le-fief-du-cormier.lesindebat.fr\/wp-content\/uploads\/2025\/10\/bocage-3-1920x1080-f50_50-768x432.jpg 768w, https:\/\/www.residence-le-fief-du-cormier.lesindebat.fr\/wp-content\/uploads\/2025\/10\/bocage-3-1920x1080-f50_50-1536x864.jpg 1536w, https:\/\/www.residence-le-fief-du-cormier.lesindebat.fr\/wp-content\/uploads\/2025\/10\/bocage-3-1920x1080-f50_50.jpg 1920w\" data-sizes=\"(max-width: 800px) 100vw, 800px\" src=\"data:image\/svg+xml;base64,PHN2ZyB3aWR0aD0iMSIgaGVpZ2h0PSIxIiB4bWxucz0iaHR0cDovL3d3dy53My5vcmcvMjAwMC9zdmciPjwvc3ZnPg==\" style=\"--smush-placeholder-width: 800px; --smush-placeholder-aspect-ratio: 800\/450;\" \/>\t\t\t\t\t\t\t\t\t\t\t\t\t\t\t<\/div>\n\t\t\t\t<\/div>\n\t\t\t\t<\/div>\n\t\t<div class=\"elementor-element elementor-element-3d5b248 e-con-full e-flex e-con e-child\" data-id=\"3d5b248\" data-element_type=\"container\" data-settings=\"{&quot;background_background&quot;:&quot;classic&quot;}\">\n\t\t\t\t<div class=\"elementor-element elementor-element-9dcd835 elementor-widget__width-initial elementor-widget elementor-widget-text-editor\" data-id=\"9dcd835\" data-element_type=\"widget\" data-widget_type=\"text-editor.default\">\n\t\t\t\t<div class=\"elementor-widget-container\">\n\t\t\t\t\t\t\t\t\t<p data-start=\"1310\" data-end=\"1622\">Le <strong data-start=\"1313\" data-end=\"1324\">Boup\u00e8re<\/strong> est une commune \u00e0 taille humaine qui s\u00e9duit par son <strong data-start=\"1377\" data-end=\"1435\">\u00e9quilibre entre s\u00e9r\u00e9nit\u00e9 rurale et vitalit\u00e9 \u00e9conomique<\/strong>.<br data-start=\"1436\" data-end=\"1439\" \/>Au quotidien, vous profitez de tous les services essentiels :<br data-start=\"1500\" data-end=\"1503\" \/>commerces de proximit\u00e9, \u00e9coles, professionnels de sant\u00e9, associations sportives et culturelles actives.<\/p><p data-start=\"1624\" data-end=\"1739\">Gr\u00e2ce \u00e0 sa situation g\u00e9ographique centrale, la commune offre un acc\u00e8s rapide aux principaux p\u00f4les du territoire :<\/p><ul data-start=\"1741\" data-end=\"1920\"><li data-start=\"1741\" data-end=\"1784\"><p data-start=\"1743\" data-end=\"1784\"><strong data-start=\"1743\" data-end=\"1753\">15 min<\/strong> de Pouzauges et Les Herbiers<\/p><\/li><li data-start=\"1785\" data-end=\"1813\"><p data-start=\"1787\" data-end=\"1813\"><strong data-start=\"1787\" data-end=\"1797\">15 min<\/strong> du Puy du Fou<\/p><\/li><li data-start=\"1814\" data-end=\"1848\"><p data-start=\"1816\" data-end=\"1848\"><strong data-start=\"1816\" data-end=\"1826\">45 min<\/strong> de La Roche-sur-Yon et Cholet<\/p><\/li><li data-start=\"1849\" data-end=\"1883\"><p data-start=\"1851\" data-end=\"1883\"><strong data-start=\"1851\" data-end=\"1861\">1 h 10<\/strong> de Nantes<\/p><\/li><li data-start=\"1884\" data-end=\"1920\"><p data-start=\"1886\" data-end=\"1920\"><strong data-start=\"1886\" data-end=\"1896\">1 h 10<\/strong>\u00a0des plages vend\u00e9ennes<\/p><\/li><\/ul><p data-start=\"1922\" data-end=\"2047\">\ud83d\udc49 Un emplacement parfait pour <strong data-start=\"1953\" data-end=\"1972\">vivre en Vend\u00e9e<\/strong> tout en restant <strong data-start=\"1989\" data-end=\"2046\">connect\u00e9 aux bassins d\u2019emploi et aux lieux de loisirs<\/strong>.<\/p>\t\t\t\t\t\t\t\t<\/div>\n\t\t\t\t<\/div>\n\t\t\t\t<\/div>\n\t\t\t\t\t<\/div>\n\t\t\t\t<\/div>\n\t\t<div class=\"elementor-element elementor-element-bc5f19a e-flex e-con-boxed e-con e-parent\" data-id=\"bc5f19a\" data-element_type=\"container\" data-settings=\"{&quot;background_background&quot;:&quot;classic&quot;}\">\n\t\t\t\t\t<div class=\"e-con-inner\">\n\t\t\t\t<div class=\"elementor-element elementor-element-c3ac236 elementor-widget__width-initial elementor-absolute elementor-widget elementor-widget-image\" data-id=\"c3ac236\" data-element_type=\"widget\" data-settings=\"{&quot;_position&quot;:&quot;absolute&quot;}\" data-widget_type=\"image.default\">\n\t\t\t\t<div class=\"elementor-widget-container\">\n\t\t\t\t\t\t\t\t\t\t\t\t\t\t\t<img decoding=\"async\" width=\"800\" height=\"533\" data-src=\"https:\/\/www.residence-le-fief-du-cormier.lesindebat.fr\/wp-content\/uploads\/2025\/10\/les-herbiers-0393-1-1-1024x682.webp\" class=\"attachment-large size-large wp-image-253 lazyload\" alt=\"\" data-srcset=\"https:\/\/www.residence-le-fief-du-cormier.lesindebat.fr\/wp-content\/uploads\/2025\/10\/les-herbiers-0393-1-1-1024x682.webp 1024w, https:\/\/www.residence-le-fief-du-cormier.lesindebat.fr\/wp-content\/uploads\/2025\/10\/les-herbiers-0393-1-1-300x200.webp 300w, https:\/\/www.residence-le-fief-du-cormier.lesindebat.fr\/wp-content\/uploads\/2025\/10\/les-herbiers-0393-1-1-768x512.webp 768w, https:\/\/www.residence-le-fief-du-cormier.lesindebat.fr\/wp-content\/uploads\/2025\/10\/les-herbiers-0393-1-1-1536x1023.webp 1536w, https:\/\/www.residence-le-fief-du-cormier.lesindebat.fr\/wp-content\/uploads\/2025\/10\/les-herbiers-0393-1-1.webp 1800w\" data-sizes=\"(max-width: 800px) 100vw, 800px\" src=\"data:image\/svg+xml;base64,PHN2ZyB3aWR0aD0iMSIgaGVpZ2h0PSIxIiB4bWxucz0iaHR0cDovL3d3dy53My5vcmcvMjAwMC9zdmciPjwvc3ZnPg==\" style=\"--smush-placeholder-width: 800px; --smush-placeholder-aspect-ratio: 800\/533;\" \/>\t\t\t\t\t\t\t\t\t\t\t\t\t\t\t<\/div>\n\t\t\t\t<\/div>\n\t\t\t\t<div class=\"elementor-element elementor-element-05bf346 elementor-widget__width-initial elementor-absolute elementor-widget elementor-widget-image\" data-id=\"05bf346\" data-element_type=\"widget\" data-settings=\"{&quot;_position&quot;:&quot;absolute&quot;}\" data-widget_type=\"image.default\">\n\t\t\t\t<div class=\"elementor-widget-container\">\n\t\t\t\t\t\t\t\t\t\t\t\t\t\t\t<img decoding=\"async\" width=\"800\" height=\"533\" data-src=\"https:\/\/www.residence-le-fief-du-cormier.lesindebat.fr\/wp-content\/uploads\/2025\/10\/puy-du-fou.jpg\" class=\"attachment-large size-large wp-image-249 lazyload\" alt=\"\" data-srcset=\"https:\/\/www.residence-le-fief-du-cormier.lesindebat.fr\/wp-content\/uploads\/2025\/10\/puy-du-fou.jpg 900w, https:\/\/www.residence-le-fief-du-cormier.lesindebat.fr\/wp-content\/uploads\/2025\/10\/puy-du-fou-300x200.jpg 300w, https:\/\/www.residence-le-fief-du-cormier.lesindebat.fr\/wp-content\/uploads\/2025\/10\/puy-du-fou-768x512.jpg 768w\" data-sizes=\"(max-width: 800px) 100vw, 800px\" src=\"data:image\/svg+xml;base64,PHN2ZyB3aWR0aD0iMSIgaGVpZ2h0PSIxIiB4bWxucz0iaHR0cDovL3d3dy53My5vcmcvMjAwMC9zdmciPjwvc3ZnPg==\" style=\"--smush-placeholder-width: 800px; --smush-placeholder-aspect-ratio: 800\/533;\" \/>\t\t\t\t\t\t\t\t\t\t\t\t\t\t\t<\/div>\n\t\t\t\t<\/div>\n\t\t\t\t\t<\/div>\n\t\t\t\t<\/div>\n\t\t<div class=\"elementor-element elementor-element-7f52b38 e-flex e-con-boxed e-con e-parent\" data-id=\"7f52b38\" data-element_type=\"container\" data-settings=\"{&quot;background_background&quot;:&quot;gradient&quot;}\">\n\t\t\t\t\t<div class=\"e-con-inner\">\n\t\t<div class=\"elementor-element elementor-element-46008286 e-con-full e-flex e-con e-child\" data-id=\"46008286\" data-element_type=\"container\">\n\t\t\t\t<div class=\"elementor-element elementor-element-20c2996f premium-header-block elementor-widget__width-initial premium-lq__none premium-box-lq__none elementor-invisible elementor-widget elementor-widget-premium-addon-dual-header\" data-id=\"20c2996f\" data-element_type=\"widget\" data-settings=\"{&quot;_animation&quot;:&quot;fadeInLeft&quot;,&quot;_animation_mobile&quot;:&quot;fadeInUp&quot;}\" data-widget_type=\"premium-addon-dual-header.default\">\n\t\t\t\t<div class=\"elementor-widget-container\">\n\t\t\t\t\t\n\t\t\t\t\t<h2 class=\"premium-dual-header-first-header \"><span class=\"premium-dual-header-first-span\">Le fief du cormier au Boup\u00e8re <\/span><span class=\"premium-dual-header-second-header \">Profitez de cette opportunit\u00e9 exceptionnelle <\/span><\/h2> \t\t\n\t\t\t\t\t\t<\/div>\n\t\t\t\t<\/div>\n\t\t\t\t<\/div>\n\t\t<div class=\"elementor-element elementor-element-32285793 e-con-full e-flex e-con e-child\" data-id=\"32285793\" data-element_type=\"container\">\n\t\t\t\t<div class=\"elementor-element elementor-element-fde1e7b elementor-align-center elementor-tablet-align-left elementor-mobile-align-center elementor-widget elementor-widget-button\" data-id=\"fde1e7b\" data-element_type=\"widget\" data-widget_type=\"button.default\">\n\t\t\t\t<div class=\"elementor-widget-container\">\n\t\t\t\t\t\t\t\t\t<div class=\"elementor-button-wrapper\">\n\t\t\t\t\t<a class=\"elementor-button elementor-button-link elementor-size-sm\" href=\"https:\/\/www.residence-le-fief-du-cormier.lesindebat.fr\/index.php\/contact\/\">\n\t\t\t\t\t\t<span class=\"elementor-button-content-wrapper\">\n\t\t\t\t\t\t<span class=\"elementor-button-icon\">\n\t\t\t\t<i aria-hidden=\"true\" class=\"fas fa-phone\"><\/i>\t\t\t<\/span>\n\t\t\t\t\t\t\t\t\t<span class=\"elementor-button-text\">Contactez nous <\/span>\n\t\t\t\t\t<\/span>\n\t\t\t\t\t<\/a>\n\t\t\t\t<\/div>\n\t\t\t\t\t\t\t\t<\/div>\n\t\t\t\t<\/div>\n\t\t\t\t<\/div>\n\t\t\t\t\t<\/div>\n\t\t\t\t<\/div>\n\t\t<div class=\"elementor-element elementor-element-6dca7c0 e-flex e-con-boxed e-con e-parent\" data-id=\"6dca7c0\" data-element_type=\"container\" data-settings=\"{&quot;background_background&quot;:&quot;classic&quot;}\">\n\t\t\t\t\t<div class=\"e-con-inner\">\n\t\t\t\t<div class=\"elementor-element elementor-element-78a1839 elementor-widget__width-inherit elementor-widget-mobile__width-initial elementor-widget elementor-widget-image\" data-id=\"78a1839\" data-element_type=\"widget\" data-widget_type=\"image.default\">\n\t\t\t\t<div class=\"elementor-widget-container\">\n\t\t\t\t\t\t\t\t\t\t\t\t\t\t\t<img decoding=\"async\" width=\"2560\" height=\"1844\" data-src=\"https:\/\/www.residence-le-fief-du-cormier.lesindebat.fr\/wp-content\/uploads\/2025\/10\/Plaquette-Boupere-1-scaled.jpg\" class=\"attachment-full size-full wp-image-261 lazyload\" alt=\"\" data-srcset=\"https:\/\/www.residence-le-fief-du-cormier.lesindebat.fr\/wp-content\/uploads\/2025\/10\/Plaquette-Boupere-1-scaled.jpg 2560w, https:\/\/www.residence-le-fief-du-cormier.lesindebat.fr\/wp-content\/uploads\/2025\/10\/Plaquette-Boupere-1-300x216.jpg 300w, https:\/\/www.residence-le-fief-du-cormier.lesindebat.fr\/wp-content\/uploads\/2025\/10\/Plaquette-Boupere-1-1024x738.jpg 1024w, https:\/\/www.residence-le-fief-du-cormier.lesindebat.fr\/wp-content\/uploads\/2025\/10\/Plaquette-Boupere-1-768x553.jpg 768w, https:\/\/www.residence-le-fief-du-cormier.lesindebat.fr\/wp-content\/uploads\/2025\/10\/Plaquette-Boupere-1-1536x1107.jpg 1536w, https:\/\/www.residence-le-fief-du-cormier.lesindebat.fr\/wp-content\/uploads\/2025\/10\/Plaquette-Boupere-1-2048x1476.jpg 2048w\" data-sizes=\"(max-width: 2560px) 100vw, 2560px\" src=\"data:image\/svg+xml;base64,PHN2ZyB3aWR0aD0iMSIgaGVpZ2h0PSIxIiB4bWxucz0iaHR0cDovL3d3dy53My5vcmcvMjAwMC9zdmciPjwvc3ZnPg==\" style=\"--smush-placeholder-width: 2560px; --smush-placeholder-aspect-ratio: 2560\/1844;\" \/>\t\t\t\t\t\t\t\t\t\t\t\t\t\t\t<\/div>\n\t\t\t\t<\/div>\n\t\t\t\t\t<\/div>\n\t\t\t\t<\/div>\n\t\t<div class=\"elementor-element elementor-element-f447a08 e-flex e-con-boxed e-con e-parent\" data-id=\"f447a08\" data-element_type=\"container\">\n\t\t\t\t\t<div class=\"e-con-inner\">\n\t\t\t\t\t<\/div>\n\t\t\t\t<\/div>\n\t\t\t\t<\/div>\n\t\t","protected":false},"excerpt":{"rendered":"<p>R\u00e9sidence Le fief du cormier au Boup\u00e8re Un emplacement privil\u00e9gi\u00e9 au coeur du bocage vend\u00e9en Un programme immobilier neuf en Vend\u00e9e sign\u00e9 Les Ind\u00e9bat Situ\u00e9e au Boup\u00e8re, \u00e0 quelques minutes de Pouzauges et Les Herbiers, la r\u00e9sidence Le Fief du Cormier b\u00e9n\u00e9ficie d\u2019un emplacement privil\u00e9gi\u00e9 au c\u0153ur du bocage vend\u00e9en.Ce programme immobilier neuf en Vend\u00e9e, [&hellip;]<\/p>\n","protected":false},"author":1,"featured_media":0,"parent":0,"menu_order":0,"comment_status":"closed","ping_status":"closed","template":"","meta":{"_acf_changed":false,"_eb_attr":"","footnotes":""},"class_list":["post-239","page","type-page","status-publish","hentry"],"acf":[],"_links":{"self":[{"href":"https:\/\/www.residence-le-fief-du-cormier.lesindebat.fr\/index.php\/wp-json\/wp\/v2\/pages\/239","targetHints":{"allow":["GET"]}}],"collection":[{"href":"https:\/\/www.residence-le-fief-du-cormier.lesindebat.fr\/index.php\/wp-json\/wp\/v2\/pages"}],"about":[{"href":"https:\/\/www.residence-le-fief-du-cormier.lesindebat.fr\/index.php\/wp-json\/wp\/v2\/types\/page"}],"author":[{"embeddable":true,"href":"https:\/\/www.residence-le-fief-du-cormier.lesindebat.fr\/index.php\/wp-json\/wp\/v2\/users\/1"}],"replies":[{"embeddable":true,"href":"https:\/\/www.residence-le-fief-du-cormier.lesindebat.fr\/index.php\/wp-json\/wp\/v2\/comments?post=239"}],"version-history":[{"count":19,"href":"https:\/\/www.residence-le-fief-du-cormier.lesindebat.fr\/index.php\/wp-json\/wp\/v2\/pages\/239\/revisions"}],"predecessor-version":[{"id":461,"href":"https:\/\/www.residence-le-fief-du-cormier.lesindebat.fr\/index.php\/wp-json\/wp\/v2\/pages\/239\/revisions\/461"}],"wp:attachment":[{"href":"https:\/\/www.residence-le-fief-du-cormier.lesindebat.fr\/index.php\/wp-json\/wp\/v2\/media?parent=239"}],"curies":[{"name":"wp","href":"https:\/\/api.w.org\/{rel}","templated":true}]}}